-3 + 294 + -296?
-25
Calculate -17 - (-9 - -48) - -26.
-30
Calculate 20 - (2 + (4 - -13)) - 10.
-9
Evaluate 28 + -14 + (-4 - (-2 - 2) - 9).
5
-12 + (-1 - (-3 + -8 + 11)) - -108
95
Calculate -11 - (-16 - 85 - 12) - 24.
78
What is the value of (-3 - (-16 - -13) - (-5 + 0)) + 67 + -29?
43
What is -8 - 4 - ((15 + -59 - -38) + (1 - 75))?
68
Calculate -89 - (-71 - -84 - (-23 - -13)).
-112
Evaluate -66 - (-49 + 9 + -7).
-19
What is the value of 142 - (-2 - 0) - (-626 + 508 + 115)?
147
What is the value of 1 + -9 - (-32 + (10 - -12) + -65)?
67
What is 6 + -20 - (-161 - -86)?
61
Evaluate (-35 - -16 - -7) + 27 - -62.
77
Evaluate 562 - 592 - (-75 + -15).
60
What is the value of 38 + -2 - (-13 + -1 + 12) - (37 + -30)?
31
Calculate 14 - 0 - (-3 - -5) - (-62 + 1).
73
Calculate (-2 - 3) + (77 - (-43 + 41)).
74
Evaluate 0 + 0 + -11 + 103 + (-118 - 0).
-26
Calculate (-7 - -5) + 45 - (492 + -478).
29
Calculate 7 - (10 + -12 + -7 - -14 - (-1 - 33)).
-32
Calculate (91 - (16 + 18)) + (2 - 9).
50
What is (68 - 2) + -1270 + 1149?
-55
Evaluate -1 + -9 - 2 - (25 + 22 + -96).
37
Calculate (51 - -5) + (-109 - -91) + -6.
32
What is the value of 57 + -54 - (0 + (0 - 21))?
24
What is -16 + (9 - (-23 + 22 + 12)) + 137?
119
Calculate -3 + -7 + -4 - (3 + (-10 - (-2 + 5))).
-4
(32 + (-1 - 10) - (54 - 23)) + 1 + 24
15
(-54 - (-48 - 13)) + -3 + -28
-24
Calculate 27 + 1 + (176 - 106).
98
What is the value of (-34 - -4) + -8 + -9 + -9?
-56
Evaluate 115 - (97 - -15) - (14 + -1).
-10
What is the value of -6461 + 6469 + ((0 - -3) + -71 - -3)?
-57
Calculate -6 - (2 + (-8 - -25 - 13) + -8).
-4
What is the value of -32 - (-57 + 13 - 18)?
30
What is (-78 - -107) + -9 + -25?
-5
What is 7 + -45 - (-54 + -1 - 104)?
121
What is the value of (347 + -377 - 23) + (-16 - 0) + -1?
-70
Evaluate -122 + -2 + 0 + (-34935 - -34939).
-120
What is 7 - 5 - (39 + -48 + 11)?
0
What is 44 - (166 + (25 - 89))?
-58
-11 - (-37 + 11) - 2 - (1 + 22)
-10
Calculate -1 + -2 + -3 + (97 - 12) + -94.
-15
What is 27 + -160 + 73 + -15?
-75
Evaluate -34 - -35 - ((15 - 15) + 2 + -1).
0
Evaluate 27 - (4 + 20 + -21) - -67 - 9.
82
4 - 18 - (13 + 2 - 68)
39
(7 + -3 - -3) + -104 - (57 + -62)
-92
What is (-6 - (-7 + (23 - 10))) + (-18 - -38) - 9?
-1
(-358 + 352 - (2 - (24 - 0))) + 11
27
Evaluate (-7 - -48) + 7 + -17 + 9.
40
What is the value of (2 - -19) + (931 - 925 - (13 - 1))?
15
What is 160 + -167 + (-101 - (10 - 11))?
-107
What is the value of (-10 - -1) + 28 - 38 - -53?
34
What is (26 - (-44 + 94)) + -9 + 17?
-16
Calculate 67 - (3 + 12 + -8 + -17 + 5 + 8).
64
Evaluate 36 + (25 - 60) + (28 + -5 - -1).
25
Calculate 26 + -35 - ((-8 - -6) + -1 - -3 - 2).
-7
(-147 - (-10 + -46)) + -2 + -3
-96
(-15 - (-36 + (3 - 1))) + -11 - (-67 - -1)
74
(5 - -2) + 9 + -20 + -20
-24
What is the value of (-33 - (12 - (11 + 13))) + (-1 - -6)?
-16
Evaluate -480 - -490 - ((0 - 5) + -3).
18
What is the value of -5 + (19 - (-3 - (15 + 5)))?
37
What is the value of 75 - ((-8 - 2) + (25 - (-12 - -27)))?
75
What is 7 - (215 + -243 - (-17 - (0 - -5)))?
13
Evaluate -2 - -5 - ((4 - 60) + 36 - 73).
96
Calculate (-1 - 0) + 0 - (-1 + 18 + -46 - -35).
-7
Evaluate -94 - (-25 + 15 + -34).
-50
What is 120 + (82 - (-61 - -178))?
85
What is 16 - ((48 - 34) + (-9 - -4)) - 11?
-4
(-20 - ((-37 - -47) + -33)) + (64 - -2)
69
What is the value of (-19 - -14 - (-24 + -1)) + -23?
-3
Calculate 22 + -47 + 31 - 3 - 73.
-70
23 + (-67 - (-15 + -12 + 24))
-41
Evaluate 1 + (6 - (-3 + 7) - (48 + -74)).
29
0 + (-24 + 1 - (-136 - -117)) + 3 + 3
2
What is the value of (45 - -2) + (-47 - 7)?
-7
What is (631 - 555) + (-75 - 2)?
-1
143 - (-103 + 93) - 69
84
What is the value of (118 + 6 - (42 + -44)) + (6 - 4 - 16)?
112
What is 5 - (-51 + (28 - (-10 - -33)) + -15)?
66
-15 + -11 - (154 - 136)
-44
55 - -3 - (-13 + 10)
61
(-21 - 4) + (3 - -71 - -21)
70
-11 + (-30 + 1 - (642 - 644))
-38
What is 34 - 6 - ((1 - -15) + (-9 - 2))?
23
What is -55 + ((1 - 15) + -8 - 10) + 14?
-73
Calculate 36 + (0 - -14) - (24 + 3).
23
1 + 5 - (36 - (54 - 57))
-33
What is the value of 68 + (-1 - 1 - (22 + (15 - 41) + 3))?
67
What is the value of 89 + (18 - (31 + 21))?
55
41 - (30 + 20 - -35)
-44
What is the value of -55 - (-35 - 17 - -21)?
-24
Evaluate (0 - -11) + (-18 - -21 - -6) + 9 + -8.
21
Calculate -76 + 60 + -85 + 44.
-57
Calculate 76 + (86 - (32 + 73)).
57
Evaluate -130 - (-138 + -94) - 97.
5
What is the value of 168 - 37 - ((11 - -13) + -27)?
134
What is -64 + (26 - (41 - 29 - 8))?
-42
Calculate (-21 - 4) + (778 - 723).
30
What is 60 + -154 + 56 + 110?
72
Calculate (11 - 3) + (-4 + 2 - -8).
14
-9 - 37 - (-62 - 2)
18
What is the value of 363 + -380 - (-106 + -1 + 14 + -8)?
84
-33 + (99 + 8 - 149)
-75
What is the value of (34 + -20 - (-73 - -7)) + (-18 - -3)?
65
What is the value of -6 - 6 - (20 + (29 - 6) - 5)?
-50
What is (2 - 3) + 3 + (-100 - -42) + 17?
-39
What is the value of 23 + 10 + -48 + -46 + -47?
-108
Calculate -60 + 81 - ((-11 + -4 - -26) + -87).
97
Calculate 25 + -14 + 13 - (-28 + -20 + 43).
29
Evaluate -20 + (38 - (6 - (8 - -4))) + -8.
16
What is the value of 15 + (-23 - (23 - 8))?
-23
What is (1 - 3) + (-34 - -89) + -49?
4
5387 - 5319 - (0 - -121)
-53
What is 214 + -262 - (4 - 30)?
-22
Calculate (126 - 171) + -1 + 11 + 52 + -48.
-31
Evaluate (-64 - -115) + 14 - 35.
30
What is 31 + (150 - 182) + (-3 + 0 + 5 - 127)?
-126
What is -24 + 0 + 31 + -3 + 31?
35
92 - (30 - -12) - -5
55
What is -34 - (-7 + 55 + -53)?
-29
69 - (-52 + -21 + -49 + 73)
118
What is -75 + 265 + 140 + -204?
126
What is 5 + (-9 - 1) + (92 - 93)?
-6
Evaluate -3 + 1 + (118 - 105) + -17 + 1 + 77.
72
What is the value of 5 + -7 - (121 + -109 - -121)?
-135
What is the value of (-31 - (-1 + -36 + 17)) + 6 - 57?
-62
What is 3 + 0 + (-1 - 7 - (-12 + 20 - 1))?
-12
Evaluate -3 + 1 + -125 + -34 + 59 + -34.
-136
-22 + (-61 - -50 - (-71 + 5))
33
What is the value of -36 - (29 + (30 - 48 - 1))?
-46
143 - 3 - (2820 + -2612)
-68
-6 - 9 - (0 + -4) - (269 + -232)
-48
-44 - (11 - 0 - ((12 - 0) + (7 - 11)))
-47
Calculate 14 - (2 - (-5 + -6)) - (5 + 0) - 17.
-21
Evaluate 131 + (9 - -20 - 9 - 36).
115
Calculate (-241 - -116 - -92) + (-20 - 2).
-55
Evaluate -17 + 17 + 32 - -23.
55
What is -2 + (123 - 37) + (-3 + 3 - -23)?
107
What is -48 - (76 + -60 - 66)?
2
Evaluate (10 - (3 + -9 + 6)) + (0 - -3 - 59).
-46
Calculate (19 - (-10 + 8)) + -9 + -38.
-26
7 - (11 - ((1 - -73) + (-64 - -45)))
51
What is the value of 278 + (-8 - 78) + -102?
90
-36 + -39 + (19 - -27) - 4
-33
What is -82 + 108 - (1 - -1 - (-20 - -21) - 1)?
26
(29 - 32 - -1) + (1 - 8)
-9
Calculate -17 - ((3 - 1) + (74 - 61) + -12).
-20
(29 - -4 - 12) + -43 - 8
-30
What is -43 + 45 - (6 - (-6 - 20))?
-30
Evaluate 66 + -3 + 5 - (2 + -41 + 58).
49
-15 - ((-61 - (44 + -30)) + -16)
76
Calculate (5 - 4 - -8) + 7 + -7 - -9.
18
What is the value of 59 + -35 + 108 + -167?
-35
Evaluate 25 + -16 + 41 + 0 - 5.
45
Calculate -32 + 1 + (7 - (11 - 9 - -17)) + -6.
-49
Calculate 50 - 160 - -65 - ((0 - 0) + -8 + 4).
-41
596 - 496 - (-6 + (1 - -38))
67
Calculate -12 + 6 + 13 + (-15 + 1 - 7).
-14
Evaluate -8 + (-76 - -68 - (2 - 6)).
-12
-1 + (0 - 85) - (-229 - 113 - -330)
-74
Calculate -1 - (-8 - 4 - -5) - (58 + -110).
58
-20 + (-9 + 23 - 17) - -8
-15
Calculate 6 - (43 - 17) - -24 - 41.
-37
What is the value of 2433 - 2400 - (-15 + -2)?
50
What is 77 + (5 - (-2 + 17)) - (8 + 7)?
52
13 + (49 - (36 - 12))
38
Calculate -35 + 39 - -94 - 60.
38
What is 66 - 18 - (89 + -15)?
-26
Evaluate (142 + -79 - 69) + (-2 - 34).
-42
Calculate 25 + -21 + 16 + 20 + -28.
12
What is -58 + -58 + 193 + -74?
3
What is -36 - ((-10 - (-1 + 1)) + (-179 - -189))?
-36
Calculate 22 + (36 - 126 - 31) + 22.
-77
What is -169 - -156 - (-5 + 73)?
-81
Calculate 49 + (-64 - -14) - -1 - (-110 + 1).
109
Evaluate (-1 - -14) + 6 + 16 + -15 + 18.
38
What is the value of -56 - (11 + (14 - 1) + -26 + -9)?
-45
Evaluate -4 - -13 - (-27 + -11 + -17).
64
Calculate -11 + 0 + -20 + (-14 - -41) - (40 - 6).
-38
(3 - 5) + (-2 - 4) - ((64 - 101) + -53)
82
Calculate -123 + (-104 + 35 - -114).
-78
Calculate (81 - (1 - -3)) + -9 + (-36 - -16) + 33.
81
Calculate -160 + 100 - (3 - -4).
-67
-57 - (7 + (-1 - -6)) - ((12 - 10) + -9)
-62
What is -6 + (-23 + (2 - (-4 + 10)) - 7)?
-40
Evaluate 40 + -61 - ((-20 - -1) + 16).
-18
-3 + 20 + 6 + (-1 - 17) + 3 + -7
1
Evaluate (1